-- http://www.phpmyadmin.net
--
-- Anamakine: localhost
-- Üretim Zamanı: 22 Nis 2017, 16:45:36
-- Sunucu sürümü: 5.5.20
-- PHP Sürümü: 5.3.9




--
-- Veritabanı: `kutuphane_sistemi`
--
CREATE DATABASE `kutuphane_sistemi` DEFAULT CHARACTER SET utf8 COLLATE utf8_turkish_ci;
USE `kutuphane_sistemi`;

-- --------------------------------------------------------

--
-- Tablo için tablo yapısı `ayirtilankitap_bilgileri`
--

CREATE TABLE IF NOT EXISTS `ayirtilankitap_bilgileri` (
  `id` int(20) NOT NULL AUTO_INCREMENT,
  `kitapno` int(20) NOT NULL,
  `uyeno` int(20) NOT NULL,
  PRIMARY KEY (`id`)
) ENGINE=InnoDB  DEFAULT CHARSET=utf8 COLLATE=utf8_turkish_ci AUTO_INCREMENT=12 ;

--
-- Tablo döküm verisi `ayirtilankitap_bilgileri`
--

INSERT INTO `ayirtilankitap_bilgileri` (`id`, `kitapno`, `uyeno`) VALUES
(4, 4, 100),
(5, 3, 103),
(6, 4, 100),
(8, 3, 100),
(10, 11, 104),
(11, 2, 100);

-- --------------------------------------------------------

--
-- Tablo için tablo yapısı `kitap_bilgileri`
--

CREATE TABLE IF NOT EXISTS `kitap_bilgileri` (
  `kitapno` int(20) NOT NULL AUTO_INCREMENT,
  `kitapadi` varchar(50) COLLATE utf8_turkish_ci NOT NULL,
  `ISBNno` varchar(50) COLLATE utf8_turkish_ci NOT NULL,
  `sayfasayisi` varchar(50) COLLATE utf8_turkish_ci NOT NULL,
  `turno` int(20) NOT NULL,
  `yazarno` int(20) NOT NULL,
  PRIMARY KEY (`kitapno`)
) ENGINE=InnoDB  DEFAULT CHARSET=utf8 COLLATE=utf8_turkish_ci AUTO_INCREMENT=15 ;

--
-- Tablo döküm verisi `kitap_bilgileri`
--

INSERT INTO `kitap_bilgileri` (`kitapno`, `kitapadi`, `ISBNno`, `sayfasayisi`, `turno`, `yazarno`) VALUES
(1, 'alaycı Kuş', '10ab', '450', 10, 2),
(2, 'Keloğlan Masalları', '10b', '50', 4, 2),
(3, 'Ateşi Yakalamak', '20b', '402', 1, 1),
(4, 'Pamuk Prenses', '15k', '25', 4, 2),
(9, 'Şah Mat', '1056ik', '512', 1, 9),
(10, 'Acımak', '45l', '150', 8, 6),
(11, 'Yaprak Dökümü', '26kh', '456', 8, 6),
(12, 'Çile', '569', '120', 9, 12),
(13, 'Güneşi Bekleyenlerin Türküsü', '698f', '105', 9, 11),
(14, 'Haryy Potter Ölüm Yadigarları', '56lk', '552', 11, 13);

-- --------------------------------------------------------

--
-- Tablo için tablo yapısı `kitapsiparis_bilgileri`
--

CREATE TABLE IF NOT EXISTS `kitapsiparis_bilgileri` (
  `id` int(20) NOT NULL AUTO_INCREMENT,
  `yazar_adi_soyadi` varchar(50) COLLATE utf8_turkish_ci NOT NULL,
  `yayin_adi` varchar(50) COLLATE utf8_turkish_ci NOT NULL,
  `yayinevi` varchar(50) COLLATE utf8_turkish_ci NOT NULL,
  `yayinyeri` varchar(50) COLLATE utf8_turkish_ci NOT NULL,
  `baskiyili` varchar(15) COLLATE utf8_turkish_ci NOT NULL,
  `ISBN` varchar(15) COLLATE utf8_turkish_ci NOT NULL,
  `uyeno` int(20) NOT NULL,
  PRIMARY KEY (`id`)
) ENGINE=InnoDB  DEFAULT CHARSET=utf8 COLLATE=utf8_turkish_ci AUTO_INCREMENT=5 ;

--
-- Tablo döküm verisi `kitapsiparis_bilgileri`
--

INSERT INTO `kitapsiparis_bilgileri` (`id`, `yazar_adi_soyadi`, `yayin_adi`, `yayinevi`, `yayinyeri`, `baskiyili`, `ISBN`, `uyeno`) VALUES
(1, 'Mümin Sekman', 'Her şey beyinde başlar', 'Ak', 'Ankara', '2000', '100as', 101),
(4, 'Ugur Gelişken', 'FlashCS6', 'kodlab', 'İstanbul', '2013', '653', 104);

-- --------------------------------------------------------

--
-- Tablo için tablo yapısı `odunc_bilgileri`
--

CREATE TABLE IF NOT EXISTS `odunc_bilgileri` (
  `oduncno` int(20) NOT NULL AUTO_INCREMENT,
  `kitapno` int(20) NOT NULL,
  `uyeno` int(20) NOT NULL,
  `aldigitarihi` varchar(15) COLLATE utf8_turkish_ci NOT NULL,
  `vermetarihi` varchar(15) COLLATE utf8_turkish_ci NOT NULL,
  PRIMARY KEY (`oduncno`)
) ENGINE=InnoDB  DEFAULT CHARSET=utf8 COLLATE=utf8_turkish_ci AUTO_INCREMENT=8 ;

--
-- Tablo döküm verisi `odunc_bilgileri`
--

INSERT INTO `odunc_bilgileri` (`oduncno`, `kitapno`, `uyeno`, `aldigitarihi`, `vermetarihi`) VALUES
(1, 2, 100, '12.05.2013', '25.05.2012'),
(2, 2, 101, '10.05.2013', '15.05.2013'),
(3, 1, 100, '10.10.2013', '20.10.2013'),
(5, 3, 103, '25.06.2012', '30.06.2013'),
(6, 4, 104, '12.12.2013', '20.12.2013'),
(7, 14, 104, '12.12.2012', '12.12.2013');

-- --------------------------------------------------------

--
-- Tablo için tablo yapısı `tur_bilgileri`
--

CREATE TABLE IF NOT EXISTS `tur_bilgileri` (
  `turno` int(20) NOT NULL AUTO_INCREMENT,
  `turadi` varchar(30) COLLATE utf8_turkish_ci NOT NULL,
  PRIMARY KEY (`turno`)
) ENGINE=InnoDB  DEFAULT CHARSET=utf8 COLLATE=utf8_turkish_ci AUTO_INCREMENT=12 ;

--
-- Tablo döküm verisi `tur_bilgileri`
--

INSERT INTO `tur_bilgileri` (`turno`, `turadi`) VALUES
(1, 'Roman'),
(4, 'Hikaye'),
(8, 'ÖYkü'),
(9, 'Şiir'),
(10, 'Dergi'),
(11, 'Bilim Kurgu');

-- --------------------------------------------------------

--
-- Tablo için tablo yapısı `yazar_bilgileri`
--

CREATE TABLE IF NOT EXISTS `yazar_bilgileri` (
  `yazarno` int(20) NOT NULL AUTO_INCREMENT,
  `adi` varchar(50) COLLATE utf8_turkish_ci NOT NULL,
  `soyadi` varchar(50) COLLATE utf8_turkish_ci NOT NULL,
  PRIMARY KEY (`yazarno`)
) ENGINE=InnoDB  DEFAULT CHARSET=utf8 COLLATE=utf8_turkish_ci AUTO_INCREMENT=14 ;

--
-- Tablo döküm verisi `yazar_bilgileri`
--

INSERT INTO `yazar_bilgileri` (`yazarno`, `adi`, `soyadi`) VALUES
(1, 'Suzanne ', 'Collins'),
(2, 'Ömer', 'Seyfettin'),
(5, 'Özcan', 'demir'),
(6, 'Reşat Nuri ', 'Güntekin'),
(7, 'Fakir', 'Baykurt'),
(8, 'Cristen', 'Hanna'),
(9, 'Mario', 'Mazanti'),
(10, 'Sinan', 'Yağmur'),
(11, 'Nazım', 'Hikmet'),
(12, 'Necip Fazıl', 'Kısakürek'),
(13, 'J.K. ', 'Rowli');

